 - -10342?
10333
In base 13, what is -1 + -23481?
-23482
In base 8, what is 16 + 1047300?
1047316
In base 3, what is 21000220 - -2011?
21010001
In base 15, what is -10 + -15b0?
-15c0
In base 6, what is 44030 - 233?
43353
In base 7, what is 45153 + 3?
45156
In base 13, what is 1 - a15c1?
-a15c0
In base 3, what is 1 - -211211001?
211211002
In base 14, what is 5 + -19258d?
-192588
In base 6, what is 50344 - 11?
50333
In base 6, what is 0 + 243201?
243201
In base 12, what is 13a3 + -59?
1346
In base 5, what is -122410 - 134?
-123044
In base 15, what is 69 + 237?
2a1
In base 8, what is -300 + -264?
-564
In base 9, what is -2 - -2401?
2388
In base 16, what is -f + -3f25?
-3f34
In base 13, what is -56 - -89a9?
8953
In base 6, what is 51424 + 214?
52042
In base 4, what is -20111 - 12?
-20123
In base 13, what is 5 - 37bb2?
-37baa
In base 16, what is -b5 + 9?
-ac
In base 16, what is -4 + -12794?
-12798
In base 16, what is 20020 - 0?
20020
In base 5, what is 114 - 1444441?
-1444322
In base 6, what is 22142 - -103?
22245
In base 10, what is -7036573 + 5?
-7036568
In base 4, what is -1012121120 - -1?
-1012121113
In base 3, what is 10 - 12122022210?
-12122022200
In base 6, what is -15 - 4032510?
-4032525
In base 8, what is 3 + 21514?
21517
In base 3, what is -11110000 - -100212?
-11002011
In base 11, what is 7 + -1a487?
-1a480
In base 15, what is -3 + 6b36?
6b33
In base 6, what is 5 + -132244?
-132235
In base 7, what is -26 - 354346?
-354405
In base 6, what is 1 + 10122135?
10122140
In base 3, what is 1002 - -201000?
202002
In base 16, what is -5 + -4d7?
-4dc
In base 9, what is 21 - 55511?
-55480
In base 7, what is 512 - 320?
162
In base 15, what is b1758 + 2?
b175a
In base 14, what is b8c - -16?
ba4
In base 4, what is 131 + 31332030?
31332221
In base 2, what is -100101010000 + -1000100?
-100110010100
In base 8, what is 2244 + 4347?
6613
In base 12, what is 27 - -57a2?
5809
In base 3, what is -1 + -12022021?
-12022022
In base 12, what is -13 - 37a9?
-3800
In base 3, what is -100112101 + 221?
-100111110
In base 4, what is 3021300010 + 3?
3021300013
In base 8, what is -72 + 16312?
16220
In base 14, what is 28 - b9d?
-b75
In base 12, what is b00 - -14?
b14
In base 6, what is 32 + 504422?
504454
In base 10, what is -17080 + -22?
-17102
In base 8, what is -35 + 124163?
124126
In base 16, what is -1a63f + 5?
-1a63a
In base 14, what is dd98 - 0?
dd98
In base 3, what is -121112 - -100210?
-20202
In base 7, what is 32414 + -5?
32406
In base 16, what is -1716c7 + 4?
-1716c3
In base 4, what is -10022 - -10133?
111
In base 10, what is -329 - 1253?
-1582
In base 12, what is -14b - 5a?
-1a9
In base 4, what is -23 + -210322?
-211011
In base 16, what is -2a - 75?
-9f
In base 8, what is 426 + 126?
554
In base 5, what is -22 - 11044204?
-11044231
In base 8, what is 12340 + -1111?
11227
In base 2, what is 110111 + -100100111101?
-100100000110
In base 8, what is -4371 - -15?
-4354
In base 10, what is 0 - -14799?
14799
In base 11, what is 163565 - 3?
163562
In base 3, what is 20210120001 - 102?
20210112122
In base 15, what is 2707 - -1c?
2724
In base 12, what is a5a7 - 1?
a5a6
In base 13, what is c25 - -22?
c47
In base 15, what is -67a25 + -6?
-67a2b
In base 12, what is -198123 + -4?
-198127
In base 10, what is -54 + -26199?
-26253
In base 12, what is -1 - -8035?
8034
In base 15, what is 17 + -8bc5?
-8bad
In base 14, what is 143 - 133?
10
In base 12, what is 629 + 455?
a82
In base 16, what is -67 + -3c6?
-42d
In base 2, what is 11110110011 + -10000110001?
1110000010
In base 7, what is 1 - 545506?
-545505
In base 7, what is 10424 + 12?
10436
In base 7, what is -6564 - -400?
-6164
In base 2, what is -100101 - 1100000?
-10000101
In base 12, what is 85 + -b8ab?
-b826
In base 14, what is 378 + 175?
50d
In base 9, what is 41 + 2230?
2271
In base 16, what is -752 - 93?
-7e5
In base 8, what is 1045 - -4164?
5231
In base 4, what is 30023121 - 2?
30023113
In base 9, what is -3 + 403121?
403117
In base 16, what is -157 + -1a4?
-2fb
In base 4, what is 23131230 - -11?
23131301
In base 10, what is -6362 - 58?
-6420
In base 9, what is -5 + -11206?
-11212
In base 2, what is -1001110101 + 11000101?
-110110000
In base 10, what is -3355 + 107?
-3248
In base 12, what is 225 + -172?
73
In base 15, what is -1 - -c5dd2?
c5dd1
In base 9, what is 1 - -17741?
17742
In base 11, what is -4063 - 57?
-410a
In base 8, what is 12 - 12071?
-12057
In base 8, what is 43 - 1311?
-1246
In base 7, what is 12 + 1635362?
1635404
In base 16, what is 19 + -1686?
-166d
In base 12, what is 18022 - 22?
18000
In base 7, what is 15 + 45460?
45505
In base 7, what is -22 + 1104230?
1104205
In base 9, what is -138 + 11824?
11675
In base 9, what is 140 + -8385?
-8245
In base 14, what is 230da - 0?
230da
In base 7, what is -166253 - 6?
-166262
In base 16, what is 1b2e - -b4?
1be2
In base 11, what is 3 + 708?
710
In base 10, what is -1411 - -20?
-1391
In base 9, what is -4 - -22883?
22878
In base 9, what is 2702 + 6?
2708
In base 11, what is -1258 - 8?
-1265
In base 4, what is 132000332 + 11?
132001003
In base 16, what is 12 + -b091?
-b07f
In base 14, what is 229ab + -5?
229a6
In base 8, what is 30715 - 357?
30336
In base 8, what is 3 + 1332152?
1332155
In base 6, what is 112041 - -1?
112042
In base 15, what is -2 + 1847?
1845
In base 15, what is -e11 + -8?
-e19
In base 13, what is -1 - -6b6c?
6b6b
In base 10, what is 42 + -5334?
-5292
In base 10, what is 5698 - -9?
5707
In base 16, what is -6b454 - 5?
-6b459
In base 15, what is 3 - 51d?
-51a
In base 4, what is 211 - 133201030?
-133200213
In base 7, what is -136 + 24462?
24323
In base 3, what is 1120212002 - 221?
1120211011
In base 2, what is -1100111100110101101110 + 1?
-1100111100110101101101
In base 15, what is 4c - 97?
-4a
In base 6, what is 3222 - -312?
3534
In base 2, what is 101 + 1100011011000111100?
1100011011001000001
In base 5, what is 1 - 424434?
-424433
In base 9, what is 4 - -6801?
6805
In base 16, what is -8 + 121bb?
121b3
In base 9, what is -5 + -125563?
-125568
In base 8, what is -13 - 26601?
-26614
In base 14, what is 22c7 - -9?
22d2
In base 11, what is -909363 + -5?
-909368
In base 7, what is -31 - -44155?
44124
In base 8, what is 300417 - -1?
300420
In base 11, what is -15 - 5369?
-5383
In base 13, what is -99 - a08?
-aa4
In base 12, what is -1 - -38921?
38920
In base 16, what is -30e183 + 2?
-30e181
In base 6, what is 5 + -355522?
-355513
In base 10, what is 4 + 40836?
40840
In base 12, what is 4 - 8526b?
-85267
In base 13, what is 252 + -2b4?
-62
In base 2, what is 11101 - -11001010000001?
11001010011110
In base 3, what is 1 + 1120202101221?
1120202101222
In base 6, what is -3551 + -10?
-4001
In base 16, what is -fdf - 3?
-fe2
In base 10, what is -4 - -18806?
18802
In base 10, what is 5 - -126809?
126814
In base 14, what is 97c - a?
972
In base 12, what is -193 - -439?
266
In base 7, what is -13 - 603?
-616
In base 7, what is -316 - -2451?
2132
In base 6, what is 0 + -52512543?
-52512543
In base 2, what is -1 - -1110111000010110?
1110111000010101
In base 8, what is -262 + 352?
70
In base 11, what is 151 + 4a21?
5072
In base 2, what is 1000001001111010110 + 11?
1000001001111011001
In base 16, what is -4ae3 - -1a?
-4ac9
In base 7, what is -35 + 52431?
52363
In base 4, what is 3 + -1311323200?
-1311323131
In base 3, what is -1020220200 + 0?
-1020220200
In base 13, what is -687c - -22?
-685a
In base 10, what is 4342 - 209?
4133
In base 4, what is -103 - -11113?
11010
In base 7, what is -360550 + 15?
-360532
In base 2, what is -1001011011000001 - 1110?
-1001011011001111
In base 14, what is 0 + aa6ad?
aa6ad
In base 5, what is -10004241 - -3?
-10004233
In base 16, what is 28a - -9f?
329
In base 15, what is -1b114 - 0?
-1b114
In base 15, what is 2006 + -2?
2004
In base 15, what is 42e1 + 70?
4361
In base 13, what is -4cb + c0b?
710
In base 13, what is 16 - -4ac0?
4b06
In base 2, what is -100 - -100101111010101?
100101111010001
In base 2, what is 11010011111011110 - 100?
11010011111011010
In base 8, what is -56774 - -1?
-56773
In base 6, what is -31041 - 2?
-31043
In base 9, what is 2128480 - -5?
2128485
In base 16, what is 1fd - 19?
1e4
In base 8, what is 4 - -611605?
611611
In base 6, what is -1203030 - 41?
-1203111
In base 2, what is 110 - 110001011101?
-1100